mmon divisor of 3510 and 558532?
26
Calculate the greatest common divisor of 5574360 and 185320.
1640
What is the highest common divisor of 187456 and 192?
64
Calculate the highest common factor of 20100 and 248400.
300
Calculate the highest common divisor of 342821052 and 2646.
2646
Calculate the greatest common factor of 76 and 108418864.
76
What is the highest common divisor of 7347402 and 3090?
618
Calculate the greatest common factor of 1749660 and 35.
5
Calculate the greatest common factor of 6165330 and 104190.
4530
What is the highest common divisor of 5309440 and 240?
80
What is the highest common divisor of 292677832 and 6504?
2168
What is the greatest common divisor of 108173 and 4045262?
2041
Calculate the greatest common factor of 50508 and 146796012.
2196
What is the highest common divisor of 19686322 and 4612?
2306
Calculate the greatest common divisor of 160849671 and 606.
303
What is the highest common divisor of 24236913 and 19?
19
What is the greatest common factor of 22649550 and 12614?
742
Calculate the highest common divisor of 872890 and 3485.
205
What is the greatest common factor of 2172 and 1135830567?
543
Calculate the highest common divisor of 11 and 400816141.
11
What is the highest common factor of 9966498 and 621?
69
Calculate the highest common factor of 99176 and 2609948.
1012
What is the greatest common divisor of 99948676 and 13084?
13084
Calculate the highest common divisor of 447191 and 70211.
61
What is the greatest common divisor of 13167565 and 37359?
593
What is the highest common factor of 86478 and 1242216?
426
What is the greatest common divisor of 70751 and 32963349?
509
Calculate the highest common divisor of 180 and 3023280.
180
Calculate the highest common divisor of 9562965 and 180.
15
Calculate the greatest common divisor of 2842364 and 28.
28
Calculate the greatest common factor of 23403 and 47560.
29
What is the greatest common divisor of 5428327 and 553?
79
What is the greatest common divisor of 2687689 and 109875?
293
Calculate the greatest common factor of 10165410 and 4833.
1611
What is the highest common factor of 2085499 and 117?
13
Calculate the highest common factor of 52762879 and 65.
13
Calculate the greatest common factor of 40 and 8985208.
8
What is the greatest common divisor of 11079983 and 5624?
703
What is the greatest common divisor of 369230581 and 29?
29
What is the greatest common divisor of 4823 and 1773954?
91
Calculate the greatest common divisor of 1732 and 5825149.
433
Calculate the highest common factor of 7 and 46649099.
7
Calculate the greatest common divisor of 6684 and 35761071.
1671
What is the highest common factor of 41109084 and 1116?
36
What is the greatest common divisor of 9135087 and 87?
87
Calculate the highest common divisor of 1067253491 and 8111.
8111
What is the highest common divisor of 133608 and 44232?
456
What is the greatest common divisor of 6585678 and 11286?
594
Calculate the greatest common factor of 324919609 and 35.
7
Calculate the highest common divisor of 106704 and 511524.
468
What is the greatest common factor of 65 and 130995605?
65
What is the highest common divisor of 54 and 23980032?
18
Calculate the greatest common divisor of 138 and 33916467.
69
Calculate the greatest common factor of 320 and 6308945.
5
Calculate the greatest common factor of 54 and 9104091.
3
What is the greatest common factor of 31428 and 29097468?
324
Calculate the greatest common factor of 56457 and 902.
41
What is the highest common divisor of 183396 and 164?
4
What is the highest common factor of 53223 and 70173?
339
What is the highest common factor of 211074 and 3670554?
762
Calculate the greatest common divisor of 1392 and 4645800.
696
Calculate the highest common factor of 8577 and 36009105.
2859
Calculate the greatest common divisor of 298088112 and 560.
112
Calculate the greatest common divisor of 311 and 50118.
1
What is the highest common factor of 1710 and 12965410?
190
What is the highest common divisor of 52313 and 169?
1
Calculate the greatest common factor of 8655 and 13606237.
577
Calculate the highest common factor of 455583 and 51.
51
What is the highest common factor of 12702399 and 314?
157
Calculate the highest common factor of 34230 and 812010.
30
What is the greatest common factor of 245464 and 36661?
61
What is the greatest common divisor of 6255 and 81788295?
2085
What is the greatest common factor of 236155912 and 872?
872
What is the highest common divisor of 3010 and 52489885?
1505
Calculate the greatest common divisor of 53520223 and 20187.
2243
What is the highest common divisor of 1710070882 and 134?
134
What is the greatest common divisor of 606127 and 284?
71
What is the highest common factor of 124066 and 359652?
1394
What is the highest common divisor of 2440 and 1630?
10
Calculate the greatest common divisor of 2 and 1332414.
2
Calculate the highest common factor of 23841120 and 75.
15
What is the highest common factor of 771625 and 7625?
125
What is the greatest common divisor of 75 and 14626425?
75
Calculate the highest common divisor of 11826480 and 1920.
240
What is the highest common divisor of 48 and 28444272?
48
Calculate the greatest common divisor of 30 and 282681105.
15
Calculate the highest common divisor of 1572958 and 76012.
1226
What is the highest common factor of 646 and 88321120?
646
What is the highest common factor of 2646 and 981603?
63
What is the highest common divisor of 5725 and 103?
1
What is the greatest common factor of 130156917 and 367?
367
Calculate the highest common divisor of 346389638 and 14.
14
Calculate the highest common divisor of 1787 and 30184217.
1787
Calculate the greatest common factor of 80085 and 344787.
843
What is the greatest common divisor of 27659906 and 1942?
1942
What is the greatest common divisor of 108150 and 14910?
210
Calculate the highest common factor of 8612709 and 861.
21
What is the greatest common divisor of 1219744 and 893?
47
Calculate the highest common divisor of 71460 and 34740.
180
Calculate the greatest common factor of 4208 and 176.
16
Calculate the highest common divisor of 50024 and 456976.
1352
What is the greatest common divisor of 122 and 858054731?
61
Calculate the greatest common factor of 8013764 and 110.
22
What is the greatest common divisor of 29010 and 181032070?
9670
Calculate the greatest common divisor of 26620 and 238866584.
5324
What is the greatest common divisor of 4780 and 290260?
20
Calculate the greatest common divisor of 398700 and 72209.
443
Calculate the highest common factor of 55838595 and 1085.
155
Calculate the highest common divisor of 196976 and 25168.
208
Calculate the greatest common divisor of 218898486 and 36.
18
What is the greatest common divisor of 11 and 180508757?
11
Calculate the greatest common divisor of 344581425 and 205.
205
Calculate the greatest common divisor of 26936 and 231361.
481
What is the greatest common divisor of 20778069 and 39?
39
Calculate the highest common divisor of 1284 and 902266158.
642
What is the highest common factor of 8025 and 377389?
107
Calculate the highest common factor of 302611 and 4720.
59
Calculate the highest common divisor of 126 and 5181822.
18
What is the greatest common factor of 5044 and 140010091?
1261
Calculate the highest common divisor of 60852 and 2896388.
44
Calculate the greatest common factor of 1755 and 133614765.
135
What is the highest common divisor of 25140 and 563207230?
4190
What is the greatest common divisor of 1020 and 32183652?
204
What is the highest common factor of 508585 and 770?
385
What is the greatest common divisor of 2679 and 22924626?
141
What is the highest common factor of 24817002 and 3325?
133
Calculate the highest common factor of 1692480 and 18204.
492
Calculate the greatest common factor of 23 and 3687291.
23
What is the greatest common factor of 5832 and 15828777?
729
Calculate the highest common divisor of 15800 and 32899550.
3950
Calculate the greatest common divisor of 29877 and 6389781.
1299
Calculate the greatest common factor of 1057492 and 744584.
2284
Calculate the greatest common divisor of 8197579 and 6487.
13
Calculate the greatest common factor of 71 and 954027.
71
What is the highest common factor of 1863 and 1832664